ose 4*r = -p - 21, -5*p + p = -4*r - 36. What is the hundreds digit of 34837/55 + r/45*3?
6
Suppose -10 + 48 = -4*k - a, 3*a = -2*k - 24. Suppose -4*r + 35*r = 1519. Let u = r + k. What is the units digit of u?
0
Suppose -117*f = -3*s - 114*f, 5*s - 21 = -2*f. Let q be ((-1)/(-3))/(2/12). Suppose -q*g + s*l - l + 110 = 0, 35 = g + 3*l. What is the units digit of g?
0
Let u = 100446 - 67687. What is the tens digit of u?
5
Suppose 0 = 463*t - 467*t - 5*i + 194902, t + 2*i - 48721 = 0. What is the units digit of t?
3
Suppose -17*b + 85800 = 9*b. What is the tens digit of b?
0
Suppose -4*v - 54500 = -4*k - 4*k + 3*k, 0 = -3*v. What is the ten thousands digit of k?
1
Let b(z) = 498*z**2 - 237*z + 1662. What is the tens digit of b(7)?
0
Let t = -371 + 321. Let i = 143 - t. What is the hundreds digit of i?
1
Let f = -257 - -253. Let b(l) be the second derivative of -l**5/10 + l**4/4 + 4*l**3/3 + 4*l**2 - 6*l. What is the units digit of b(f)?
2
Let t = -401 + 548. Let v = t - -326. What is the hundreds digit of v?
4
Let n(t) = 125*t**2 - 3*t. Let l = 47 - 25. Suppose -5*v - l = -27. What is the tens digit of n(v)?
2
Suppose 3*q + 13710 = -z + 54991, 8 = -2*q. What is the thousands digit of z?
1
Let i be (20 - (-9 + 16)) + -15. Let k be (-4*(2 - 0))/1. What is the units digit of (-2 - -89)*4*i/k?
7
Let r = 6477 + 3182. What is the thousands digit of r?
9
Let g be (204/(-20) - -9)*(-10)/6. Suppose -g*f = 5*s - 306, -2*f + 5*s + 112 = -154. What is the hundreds digit of f?
1
Let f(n) = -4*n**3 - 70*n - 934. What is the ten thousands digit of f(-16)?
1
Let p(r) = -10*r - 22. Let u(q) = -30*q - 65. Let x(v) = -17*p(v) + 6*u(v). What is the units digit of x(-13)?
4
What is the tens digit of -1 + -5 + (5576220/(-315))/((-2)/7)?
5
Let l(f) = f**2 + 12*f - 28. Let o be l(-14). Let r(w) be the first derivative of w**3/3 + w**2 + 59*w - 3. What is the tens digit of r(o)?
5
Let w = 8898 + -2269. What is the tens digit of w?
2
Suppose 10 = -4*p + 78. Let j(h) = -h**3 + 18*h**2 - 40*h - 24. Let x be j(p). Let v = 702 + x. What is the units digit of v?
7
Suppose 0 = -4*x + 2*l + 16060, -x + l + 279 + 3734 = 0. What is the tens digit of x?
1
Let j = 23252 + -10536. What is the units digit of j?
6
What is the ten thousands digit of (1740/(-3))/((-25)/1500)?
3
Suppose 5 = -5*n + 5*v, 0 = 4*n + 5*v - 20 + 6. Let r(m) = -38*m + 3. Let i be r(n). Let g = 96 + i. What is the units digit of g?
1
Let r(t) = 1724*t + 1720*t - 118 - 3460*t. What is the units digit of r(-29)?
6
Suppose -9*l + 7 = -11. Let v(r) = 23*r**3 + 2*r + 4. Let z(g) = 1. Let f(j) = v(j) - 6*z(j). What is the hundreds digit of f(l)?
1
Suppose -4*w + 8*q = 3*q - 956, 5*q - 956 = -4*w. Suppose 3*a = 2*z - a - 80, 5*z - w = -3*a. What is the units digit of z?
6
Suppose -1411*l + 315406 = -1397*l. What is the thousands digit of l?
2
Suppose -l - 4*p + 22837 = 0, 5*l + 4167 - 118374 = 2*p. What is the tens digit of l?
4
Let a = 23339 + -10284. What is the tens digit of a?
5
Let d = 32 + 15. Let c be 92/552*(536 + -2). Let q = c - d. What is the units digit of q?
2
Suppose 180 = -2*v + 50. Let k = 70 + v. Suppose 0 = 4*z - 5*f - 443, 4*z = -k*f - 0*f + 413. What is the tens digit of z?
0
Let c(q) = -2*q**3 + 29*q**2 + 14*q + 19. Let n be c(15). Let m(w) = 2*w - 13*w**2 + 33*w**2 + 3 + n*w**2. What is the units digit of m(3)?
5
Let r = -8871 + 17611. What is the units digit of r?
0
Suppose -1163 = -3*t + 613. Suppose 2*z + x - t = -2*x, -2*z + 608 = -5*x. What is the units digit of z?
9
Let p(o) = 88*o**3 + 8*o**2 - 18*o + 29. What is the thousands digit of p(6)?
9
Let h(k) = 12*k**2 - 8*k - 51. Let f(a) = a**3 + 4*a**2 + 6*a + 4. Let z be f(-3). What is the hundreds digit of h(z)?
2
Suppose 10*u + 7 = 11*u. Suppose 15*k = u*k + 3256. What is the units digit of k?
7
Let q(v) = -55*v**2 + 2725*v - 73. What is the tens digit of q(34)?
9
Suppose 5 = w, -3*v + 3*w + 77 = w. Suppose -7 = 3*u + v. What is the units digit of ((-15)/(-6))/((-6)/u)?
5
Suppose 0 = 23*z - 24*z - 4. What is the units digit of 148 + ((-3)/z)/((-7)/28)?
5
Let t(d) = -d**3 + 12*d**2 - 16*d + 21. Let c be t(11). Let g = 47 + c. Suppose -g*r = -9*r - 584. What is the tens digit of r?
4
What is the tens digit of (-20)/(-1) + 43 + 89021?
8
Let r = -6 - -10. Suppose -16 + 8 = -r*f. Suppose f = -l + 5, -5*g = 3*l - 284. What is the tens digit of g?
5
Suppose 34*v = 30*v + 596. Let q = v + -73. Suppose -4*s + q = 3*m, -2*s - s + 57 = 2*m. What is the tens digit of s?
1
Suppose 0 = -0*b + 5*b - 10. Let t be (3/b)/(15/10). Let w(v) = 4*v**3 + v**2 - 2*v + 2. What is the units digit of w(t)?
5
Suppose 2*q - 5152 = 4*h + 141932, 0 = -3*q + 4*h + 220610. What is the units digit of q?
6
Let l(j) be the first derivative of 31*j**2 - 6*j + 6. Let d be l(3). Let v = 267 - d. What is the units digit of v?
7
Suppose 9380*t + 20484 = 9398*t. What is the thousands digit of t?
1
Let d be ((-24)/(-40))/(3/16935). Suppose 5*v - 3*w = d, v - 444 = w + 235. What is the hundreds digit of v?
6
Let w be (0 - -4)*-3*(-4)/12. Suppose 0 = -w*t - 5*u - 5, 4*t - 3 - 2 = -3*u. Suppose 2*s - 210 = -x, t*s = 2*s - 4*x + 320. What is the tens digit of s?
0
Let q(g) = g**3 - 4*g**2 - g - 16. Let n be q(5). Suppose -n*w = -2*w - 1428. What is the hundreds digit of w?
7
Suppose -32 = -5*p + 3*j + 39, -4*p + 49 = -5*j. Suppose p*d = 28*d - 6756. What is the tens digit of d?
6
Let y = 4730 - 3133. Let k = -374 + y. What is the tens digit of k?
2
What is the thousands digit of (150811/237)/(1*(-1)/(-3))?
1
Let l(b) = -2191*b**3 - 2*b**2 - b + 1. Let p be l(-1). Suppose 4*a - 3384 = 2*y, 3*a - p = -5*y + 360. What is the units digit of a?
7
Let c(u) = -5*u**3 - 3*u**2 - 7*u - 20. Let v be 5*((-21)/(-5) + -5). What is the units digit of c(v)?
0
Let r = 729 - -1689. Let c = r - 1718. What is the units digit of c?
0
Suppose -i + 1 = 0, 4*i - 192 + 1676 = 4*l. Let y = l + -271. What is the units digit of y?
1
Let u(l) = 2*l**2 - 8. Let r be u(0). What is the tens digit of r/(50/(-48) - -1)?
9
What is the units digit of (7 - (-10)/(-2))*182*63/4?
3
Suppose 44926 = 5*f - h, 5*f - h - 4*h - 44910 = 0. What is the units digit of f?
6
Let j(w) = 64*w**2 + 11*w - 17. Let n be j(-8). Suppose 0 = 22*v - n - 1839. What is the hundreds digit of v?
2
Suppose 3*g = g + p + 487, 5*g = -2*p + 1222. Suppose 0 = 5*u - 616 - g. What is the tens digit of u?
7
Let u = -2403 + 3151. What is the tens digit of u?
4
Let l(h) be the first derivative of 41*h**4 - 5*h**3/3 + h**2/2 + 8*h + 170. What is the units digit of l(2)?
2
Let o(h) = 255*h + 198. Let z be o(16). Suppose 4*d - 10*y = -12*y + z, -2*d + 2*y = -2124. What is the thousands digit of d?
1
Let z(a) = 133*a**2 - 13*a + 35. What is the units digit of z(-13)?
1
Let y be 599*(123/30 - 5/50). Suppose 670 = 4*v + w - 1257, 3*w + y = 5*v. What is the tens digit of v?
8
Let b = -496 + 931. Let i = 464 - b. What is the units digit of i?
9
Let g(y) = -3*y**3 - 216*y**2 - y - 68. Let b be g(-72). Let t = 1066 - 613. What is the units digit of (-8)/16 - b/((-8)/t)?
6
Let t(w) = 2*w + 21. Let p = -38 + 41. Let x be (-156)/(-4)*1/p. What is the units digit of t(x)?
7
What is the units digit of 19402 + -6 + ((-24)/12)/1?
4
Let i = 28575 - -5518. What is the tens digit of i?
9
Suppose 3*i + 2*z - 4*z + 16 = 0, 0 = -2*i - 5*z - 17. What is the units digit of (-59)/(9/(-18)*(-4)/i)?
7
What is the units digit of (446/(-6))/((-228)/107388)?
1
Let b be (-158 + 0 + -1)*2/2. Let l = 26 + b. What is the units digit of l/(-5) + (-84)/140?
6
Let t be 5820/(-21)*(-294)/28. Suppose 3*k - 1475 = -2*j, -3*j + 2*k + t = j. What is the units digit of j?
0
Let u(o) = -o**2 + 11*o - 23. Let n be u(7). Suppose -57 = -4*x + n*k, 4*k = -4*x + 3*k + 27. Suppose -x*j = -246 - 1530. What is the hundreds digit of j?
2
Suppose -57474 = -9*m + 7434. What is the hundreds digit of m?
2
Let n be (1 - -2)*(-8)/(-6). Suppose m + 2*m = n*m. Suppose m = -c + 4*k + 181, c - 5*k + 29 = 207. What is the tens digit of c?
9
Let i = -3811 - -17820. What is the units digit of i?
9
Let v(z) = 5*z**2 + 11*z + 2485. What is the thousands digit of v(-69)?
5
Suppose -7*o = m - 8*o - 14429, -2*o - 72160 = -5*m. What is the thousands digit of 6/4*m/21?
1
Let b = -2951 + 13039. What is the ten thousands digit 